) to base 5.
-1
-35 (base 11) to base 15
-28
What is 21 (base 7) in base 15?
10
Convert -d4 (base 15) to base 7.
-403
What is 2 (base 16) in base 6?
2
What is 2 (base 12) in base 10?
2
What is -2 (base 13) in base 6?
-2
5 (base 9) to base 8
5
Convert -3 (base 16) to base 14.
-3
Convert -22 (base 10) to base 6.
-34
Convert -54 (base 9) to base 13.
-3a
154 (base 8) to base 6
300
What is 30 (base 10) in base 6?
50
What is 10 (base 5) in base 3?
12
Convert -13 (base 11) to base 16.
-e
-11 (base 9) to base 13
-a
What is 0 (base 6) in base 4?
0
What is 3033 (base 4) in base 9?
250
Convert 1 (base 11) to base 13.
1
Convert -102 (base 5) to base 4.
-123
What is 0 (base 10) in base 14?
0
Convert 2 (base 6) to base 7.
2
Convert -1130 (base 4) to base 5.
-332
-e (base 16) to base 10
-14
5 (base 6) to base 9
5
Convert -1e (base 15) to base 16.
-1d
111110 (base 2) to base 9
68
Convert -4 (base 14) to base 8.
-4
Convert 32 (base 13) to base 16.
29
0 (base 4) to base 2
0
Convert -4e (base 16) to base 5.
-303
6 (base 9) to base 13
6
-333 (base 4) to base 12
-53
What is 112 (base 16) in base 9?
334
What is -1 (base 4) in base 7?
-1
Convert -241 (base 6) to base 10.
-97
What is 10 (base 3) in base 12?
3
Convert 0 (base 9) to base 15.
0
Convert 40 (base 6) to base 5.
44
What is -264 (base 8) in base 3?
-20200
Convert -2b (base 14) to base 2.
-100111
3 (base 16) to base 3
10
What is -4 (base 13) in base 10?
-4
Convert -2 (base 15) to base 3.
-2
What is -13 (base 14) in base 6?
-25
Convert 42 (base 6) to base 8.
32
c (base 13) to base 16
c
62 (base 14) to base 3
10012
What is 4 (base 10) in base 15?
4
-1 (base 10) to base 13
-1
Convert -11110000 (base 2) to base 6.
-1040
Convert -2a (base 13) to base 2.
-100100
Convert -14 (base 7) to base 2.
-1011
What is -12 (base 4) in base 12?
-6
What is -12 (base 7) in base 4?
-21
Convert -25 (base 8) to base 12.
-19
-2 (base 5) to base 8
-2
-1002 (base 3) to base 12
-25
Convert 10101 (base 2) to base 3.
210
Convert 3 (base 16) to base 12.
3
What is 2 (base 13) in base 14?
2
What is -1 (base 5) in base 3?
-1
Convert b0 (base 16) to base 13.
107
-11 (base 2) to base 14
-3
What is 1 (base 7) in base 6?
1
-15 (base 15) to base 10
-20
What is -1 (base 15) in base 3?
-1
3 (base 11) to base 8
3
Convert 10 (base 11) to base 10.
11
What is 3 (base 15) in base 14?
3
Convert -6 (base 16) to base 2.
-110
What is -31 (base 14) in base 12?
-37
Convert -26 (base 9) to base 12.
-20
11021 (base 3) to base 5
430
What is -1 (base 14) in base 6?
-1
Convert 1 (base 12) to base 2.
1
What is 43 (base 14) in base 9?
65
122 (base 4) to base 8
32
-12 (base 5) to base 13
-7
-10 (base 2) to base 13
-2
What is -10110111 (base 2) in base 10?
-183
Convert -c (base 13) to base 6.
-20
26 (base 16) to base 13
2c
Convert -3 (base 7) to base 10.
-3
What is -5 (base 8) in base 13?
-5
Convert -22122 (base 3) to base 12.
-175
3 (base 8) to base 15
3
What is -1 (base 16) in base 6?
-1
Convert 8 (base 11) to base 9.
8
Convert -20 (base 14) to base 2.
-11100
What is -39 (base 14) in base 12?
-43
What is 0 (base 8) in base 12?
0
Convert 0 (base 7) to base 12.
0
Convert -1 (base 8) to base 4.
-1
Convert -220 (base 4) to base 10.
-40
What is -100 (base 4) in base 8?
-20
Convert 6 (base 10) to base 9.
6
What is -3a (base 14) in base 10?
-52
123 (base 5) to base 9
42
What is -8 (base 10) in base 9?
-8
Convert -43 (base 9) to base 12.
-33
-3 (base 5) to base 16
-3
What is -12 (base 5) in base 12?
-7
Convert -30 (base 5) to base 10.
-15
What is 15 (base 11) in base 4?
100
-100 (base 2) to base 4
-10
What is 24 (base 9) in base 11?
20
-10100 (base 4) to base 10
-272
What is -2 (base 9) in base 8?
-2
Convert -6 (base 8) to base 15.
-6
84 (base 15) to base 7
235
Convert 0 (base 12) to base 8.
0
What is 70 (base 10) in base 4?
1012
1 (base 3) to base 10
1
What is 440 (base 5) in base 10?
120
-121 (base 4) to base 5
-100
Convert 100100111 (base 2) to base 7.
601
110 (base 2) to base 4
12
Convert -144 (base 10) to base 11.
-121
-1010011 (base 2) to base 12
-6b
What is -1323 (base 5) in base 15?
-e3
19 (base 10) to base 15
14
What is 15 (base 10) in base 12?
13
What is -54 (base 12) in base 5?
-224
Convert 2 (base 7) to base 14.
2
Convert 1 (base 5) to base 9.
1
What is -10 (base 7) in base 16?
-7
-20 (base 5) to base 15
-a
1 (base 16) to base 4
1
What is -6 (base 16) in base 7?
-6
Convert 1 (base 5) to base 6.
1
What is -4 (base 11) in base 5?
-4
-2 (base 5) to base 14
-2
What is -20 (base 5) in base 2?
-1010
56 (base 11) to base 9
67
What is 32 (base 9) in base 3?
1002
What is 28 (base 14) in base 10?
36
-2 (base 16) to base 14
-2
-1202 (base 3) to base 12
-3b
What is 5c (base 15) in base 13?
69
Convert 11210 (base 3) to base 6.
333
Convert 11022 (base 3) to base 7.
224
-100101 (base 2) to base 7
-52
-3 (base 9) to base 5
-3
What is -18 (base 16) in base 13?
-1b
What is 100 (base 5) in base 6?
41
-44 (base 10) to base 6
-112
What is -22 (base 3) in base 7?
-11
-1 (base 13) to base 16
-1
What is 39 (base 10) in base 11?
36
Convert -120 (base 4) to base 14.
-1a
2 (base 16) to base 6
2
Convert 99 (base 13) to base 10.
126
-1 (base 15) to base 4
-1
What is 1b (base 13) in base 5?
44
1 (base 12) to base 4
1
Convert -3 (base 11) to base 6.
-3
Convert -46 (base 8) to base 4.
-212
Convert 1 (base 4) to base 13.
1
Convert 155 (base 6) to base 4.
1013
Convert 121 (base 15) to base 12.
194
What is -21 (base 7) in base 9?
-16
-3 (base 13) to base 3
-10
Convert 4 (base 8) to base 13.
4
-65 (base 13) to base 9
-102
Convert -a5 (base 14) to base 6.
-401
2 (base 4) to base 8
2
-5 (base 6) to base 16
-5
2021 (base 4) to base 3
12002
What is 1 (base 2) in base 11?
1
What is 93 (base 12) in base 5?
421
Convert -2 (base 14) to base 11.
-2
Convert 10100 (base 2) to base 7.
26
What is -1 (base 9) in base 14?
-1
1 (base 7) to base 16
1
What is 1a (base 14) in base 5?
44
Convert 0 (base 5) to base 15.
0
Convert 2 (base 6) to base 4.
2
What is -10 (base 4) in base 11?
-4
What is 5 (base 6) in base 13?
5
22 (base 4) to base 3
101
What is 4 (base 6) in base 9?
4
Convert -1001 (base 4) to base 10.
-65
Convert 0 (base 11) to base 9.
0
Convert -113 (base 4) to base 2.
-10111
4 (base 14) to base 10
4
Convert 12 (base 4) to base 12.
6
-10011 (base 2) to base 6
-31
Convert 5 (base 6) to base 9.
5
Convert -12 (base 11) to base 9.
-14
Convert 3 (base 5) to base 4.
3
2 (base 10) to base 3
2
What is -1 (base 16) in base 8?
-1
Convert -2 (base 13) to base 11.
-2
Convert 402 (base 5) to base 2.
1100110
What is -10100 (base 2) in base 5?
-40
Convert -1003 (base 5) to base 14.
-92
-2 (base 5) to base 14
-2
Convert -5 (base 11) to base 9.
-5
-23 (base 8) to base 2
-10011
What is -2 (base 4) in base 11?
-2
3 (base 7) to base 13
3
-34 (base 5) to base 9
-21
Convert 107 (base 8) to base 2.
1000111
Convert 28 (base 15) to base 13.
2c
What is 10 (base 5) in base 11?
5
What is 44 (base 13) in base 3?
2002
What is -2 (base 14) in base 4?
-2
Convert 3 (base 14) to base 9.
3
-20 (base 4) to base 5
-13
-350 (base 6) to base 16
-8a
What is -11220 (base 3) in base 6?
-340
111001 (base 2) to base 10
57
What is -10 (base 10) in base 3?
-101
What is -ab (base 12) in base 6?
-335
What is 6c (base 14) in base 4?
1200
Convert -5 (base 7) to base 14.
-5
Convert -65 (base 9) to base 8.
-73
Convert 1 (base 13) to base 11.
1
0 (base 4) to base 5
0
-22 (base 5) to base 4
-30
What is -9 (base 12) in base 2?
-1001
What is -33 (base 5) in base 4?
-102
-38 (base 11) to base 6
-105
-6 (base 8) to base 14
-6
What is -15 (base 12) in base 15?
-12
Convert 20 (base 10) to base 12.
18
1110 (base 5) to base 4
2123
What is -25 (base 13) in base 7?
-43
Convert -1010 (base 6) to base 12.
-166
-226 (base 8) to base 4
-2112
Convert 1 (base 7) to base 8.
1
Convert -11100 (base 2) to base 16.
-1c
Convert 23 (base 7) to base 2.
10001
Convert 4 (base 5) to base 6.
4
-5 (base 7) to base 16
-5
Convert 133 (base 5) to base 6.
111
Convert -11 (base 16) to base 4.
-101
-100000 (base 2) to base 8
-40
What is 96 (base 12) in base 14?
82
What is -10 (base 3) in base 9?
-3
Convert 2002 (base 3) to base 12.
48
What is 4 (base 7) in base 15?
4
-2 (base 13) to base 7
-2
Convert 1020 (base 3) to base 6.
53
Convert -19 (base 16) to base 7.
-34
Convert -14 (base 13) to b